1001100110
In base 15, what is 336103 - 5?
3360ed
In base 12, what is -1132ab49 + 1?
-1132ab48
In base 16, what is -930ba4 - 0?
-930ba4
In base 15, what is -231a98 + 28?
-231a70
In base 2, what is 101 + 1011010011100000010110?
1011010011100000011011
In base 15, what is -54e05 + -132?
-55037
In base 4, what is 10 - -12133002121?
12133002131
In base 14, what is -670 - 9a2?
-1232
In base 15, what is 5 + 6334365?
633436a
In base 10, what is -3543 - -86840?
83297
In base 5, what is 11330021 + 104?
11330130
In base 11, what is 4 + 5216715?
5216719
In base 15, what is 2 + -a77322?
-a77320
In base 3, what is 12211221212 - 12010?
12211202202
In base 6, what is -253051 + -122?
-253213
In base 4, what is 1032021 + -30111?
1001310
In base 16, what is 343e1 + -b?
343d6
In base 8, what is -2740 - 1765631?
-1770571
In base 8, what is -54006 - 74?
-54102
In base 5, what is -2 + -10412010324?
-10412010331
In base 7, what is -10 - 11202561?
-11202601
In base 16, what is -8e + 45a06?
45978
In base 5, what is 3041200304211 + 1?
3041200304212
In base 15, what is 24e20 - 10d?
24d12
In base 14, what is 2b + a802c?
a8059
In base 11, what is -131 - -2690353?
2690222
In base 11, what is -7928 - 92a?
-8757
In base 14, what is -364c9a0 + 3?
-364c99b
In base 13, what is 2 - -265132c?
2651331
In base 16, what is -168 - 2b835?
-2b99d
In base 13, what is -1a3669 - -250?
-1a3419
In base 4, what is 33 + 1202301231311?
1202301232010
In base 6, what is 14504 - -55430?
114334
In base 3, what is -10001011110221 - 1012020?
-10001012200011
In base 16, what is -8c2 - 779d?
-805f
In base 8, what is -5156 + 640442?
633264
In base 3, what is -12 - 11002101110201021?
-11002101110201110
In base 11, what is 0 - 1093044?
-1093044
In base 6, what is -110 - 21414231?
-21414341
In base 10, what is -92 - -425964?
425872
In base 4, what is -120221203002 - -103?
-120221202233
In base 14, what is -43c4673 + -a?
-43c467d
In base 10, what is 12 - 212870?
-212858
In base 6, what is 454013 + 32330?
530343
In base 11, what is 82 + 34042a?
340501
In base 8, what is 1702304212 + -3?
1702304207
In base 12, what is 1579b + a?
157a9
In base 4, what is -11 - 310232001010?
-310232001021
In base 14, what is -23 - 32c9a5?
-32c9c8
In base 14, what is 1 + 2d64a5?
2d64a6
In base 9, what is -53562 - -37767?
-14684
In base 16, what is -30b7fbb - 1?
-30b7fbc
In base 3, what is 121102 + -20112011?
-12220202
In base 13, what is 2635b2b + -3?
2635b28
In base 6, what is 314423 - 0?
314423
In base 5, what is -12421 + 10341401?
10323430
In base 16, what is -2a2de5 - 5?
-2a2dea
In base 14, what is bd3b3b + 5?
bd3b42
In base 15, what is -5 + -8d2c08?
-8d2c0d
In base 9, what is -12300 + 150?
-12140
In base 11, what is -a10a4a + 88?
-a10972
In base 4, what is 313 + -30231232?
-30230313
In base 15, what is 55ae67c - 0?
55ae67c
In base 10, what is 470 + -12878?
-12408
In base 12, what is 99642b - -4?
996433
In base 12, what is 929 - 1baa51?
-1ba124
In base 8, what is -53 + -1434074?
-1434147
In base 11, what is 51a - 105254?
-104835
In base 9, what is -308 + -243867?
-244276
In base 12, what is -125bb - -374?
-12247
In base 13, what is 466 - -517?
980
In base 7, what is 300323 + -135?
300155
In base 14, what is 3 - -194db19?
194db1c
In base 2, what is 1010110001110100100001011000 + -100?
1010110001110100100001010100
In base 5, what is -3442304 - 21?
-3442330
In base 6, what is -4230 - -24355510?
24351240
In base 10, what is -270 + 31430?
31160
In base 7, what is 101240 - -303?
101543
In base 3, what is 0 + -11101020000?
-11101020000
In base 9, what is 1523 + 3463?
5086
In base 11, what is -468595 - -6?
-46858a
In base 7, what is -6232352 + -204?
-6232556
In base 10, what is 1300455 - -114?
1300569
In base 11, what is 6 - 1201237?
-1201231
In base 10, what is 209 - -43805?
44014
In base 8, what is -103663 - 7341?
-113224
In base 7, what is 245645520 + 36?
245645556
In base 16, what is -1117a7 - 47?
-1117ee
In base 3, what is -10 - 122022121122112?
-122022121122122
In base 15, what is c - -55d38?
55d45
In base 9, what is 3 - 21205878?
-21205875
In base 4, what is 232302 - 1222300112?
-1222001210
In base 10, what is 0 - -57704083?
57704083
In base 10, what is -2 + 138723599?
138723597
In base 12, what is 3b8097 - 13b?
3b7b58
In base 12, what is -10 - 9b005a?
-9b006a
In base 14, what is -a329 - -84d?
-98ba
In base 10, what is -24366 - 921?
-25287
In base 14, what is 143b971dd + -3?
143b971da
In base 11, what is 22 - 68982?
-68960
In base 10, what is -6927599 + 104?
-6927495
In base 7, what is -5 + 316321263?
316321255
In base 14, what is 137060 + -81?
136dbd
In base 2, what is -1 + -111110001000010011010?
-111110001000010011011
In base 11, what is 340 - 58850?
-58510
In base 2, what is 11 - 1000100010110000110011010?
-1000100010110000110010111
In base 11, what is -2542 - a59?
-34a0
In base 4, what is 1 - 31022013333?
-31022013332
In base 9, what is -412068 + -1043?
-413122
In base 11, what is -9a3233 - -5?
-9a3229
In base 14, what is 50cad44 - -5?
50cad49
In base 14, what is -2bd - 34029?
-34308
In base 7, what is 310 + 1564543?
1565153
In base 16, what is 2613f84 - -1?
2613f85
In base 3, what is 12 - -110210211020112?
110210211020201
In base 13, what is -277 + 632b?
6084
In base 5, what is 12242 - 1014232?
-1001440
In base 2, what is 10001100011001111111 - 11000?
10001100011001100111
In base 7, what is -101344112 - 5?
-101344120
In base 6, what is 111554444 + -10?
111554434
In base 5, what is 1440 - -103313133?
103320123
In base 3, what is -222011101221220001 + 10?
-222011101221212221
In base 8, what is -2 - -7636516?
7636514
In base 9, what is 13247 - 17461?
-4213
In base 9, what is 5 + 2352554?
2352560
In base 8, what is 5575073 - -17?
5575112
In base 10, what is 2 + 287832376?
287832378
In base 12, what is 1131430 - 46?
11313a6
In base 6, what is 0 + -414424052?
-414424052
In base 11, what is 183a21 - -5181?
1890a2
In base 9, what is 323 + -25168?
-24745
In base 3, what is -11 - -100112002001210?
100112002001122
In base 7, what is -14 - 2205420?
-2205434
In base 13, what is 11566 - 257?
1130c
In base 6, what is 122 + 30050025?
30050151
In base 7, what is 5 - -156513550?
156513555
In base 13, what is 429c + 57989?
5bc58
In base 5, what is 133313124 + 1313?
133314442
In base 4, what is -122332 - 23203312?
-23332310
In base 4, what is 22222 + -23003201?
-22320313
In base 7, what is -4244 + 633232?
625655
In base 16, what is 899b3d - -3?
899b40
In base 7, what is 0 + 21650643?
21650643
In base 2, what is 110100111 - 111111100011?
-111000111100
In base 13, what is -4 + -9532a7?
-9532ab
In base 4, what is -1200102 - 212211?
-2012313
In base 9, what is -278433 + 148?
-278274
In base 6, what is 42535 + -142102?
-55123
In base 16, what is -2329c33 + 0?
-2329c33
In base 8, what is -6 + -3655231?
-3655237
In base 6, what is -232 + -2354555?
-2355231
In base 16, what is 0 + -2fa1a5?
-2fa1a5
In base 16, what is -14a1d - -45f?
-145be
In base 10, what is 5 - -924668?
924673
In base 15, what is ae + -c3301?
-c3242
In base 12, what is -5a - -5119?
507b
In base 10, what is -13531913 + -3?
-13531916
In base 16, what is c3152e + -2?
c3152c
In base 11, what is -18453 + 1187?
-17277
In base 14, what is -2d080 - 4a9a?
-33b3a
In base 15, what is -9862 - 166?
-99c8
In base 4, what is -3333023021332 + -3?
-3333023022001
In base 13, what is -6 + 5563b03?
5563aca
In base 10, what is 7642703 - -10?
7642713
In base 16, what is -4b3d1 + 2b9?
-4b118
In base 13, what is -202075 + 4?
-202071
In base 6, what is -123 + 3444552?
3444425
In base 11, what is 19889 + -1013?
18876
In base 12, what is 1b28 + 1543?
346b
In base 13, what is -109cbc67 + 2?
-109cbc65
In base 14, what is 2 + 181a168?
181a16a
In base 10, what is -81518 + -33?
-81551
In base 7, what is 11014 + -16101?
-5054
In base 9, what is -4785 + -2000?
-6785
In base 2, what is -100011 + 10001111101000101100010?
10001111101000100111111
In base 2, what is 110111001011 + -1010001001000?
-11001111101
In base 9, what is -11 - 2450842?
-2450853
In base 5, what is -1224120 + -4443?
-1234113
In base 5, what is 1421 - 10140310?
-10133334
In base 10, what is 15 - 62566?
-62551
In base 6, what is 3253425 + 1205?
3255034
In base 4, what is -1323331331 - -1120?
-1323330211
In base 14, what is -7121 + -9c6c?
-12d8